762 is divided by 1414.
1410
Calculate the remainder when 82475 is divided by 262.
207
What is the remainder when 1349031 is divided by 449584?
279
Calculate the remainder when 1680466 is divided by 17689.
11
Calculate the remainder when 303250 is divided by 10829.
38
Calculate the remainder when 1016448 is divided by 338802.
42
What is the remainder when 19174500 is divided by 40114?
8
Calculate the remainder when 7394213 is divided by 1232335.
203
Calculate the remainder when 39284593 is divided by 36.
25
What is the remainder when 145710 is divided by 15849?
3069
Calculate the remainder when 762527 is divided by 381042.
443
What is the remainder when 5688766 is divided by 172383?
127
Calculate the remainder when 33157050 is divided by 87717.
24
Calculate the remainder when 429643 is divided by 2148.
43
What is the remainder when 150360 is divided by 805?
630
Calculate the remainder when 34566312 is divided by 100.
12
What is the remainder when 7751965 is divided by 78?
13
Calculate the remainder when 362539 is divided by 14.
9
Calculate the remainder when 10543180 is divided by 4661.
4659
Calculate the remainder when 2318129 is divided by 210737.
22
What is the remainder when 7989631 is divided by 12387?
16
What is the remainder when 2675806 is divided by 554?
540
Calculate the remainder when 566801 is divided by 456.
449
What is the remainder when 7832444 is divided by 1626?
2
Calculate the remainder when 16739961 is divided by 119.
112
Calculate the remainder when 59112058 is divided by 529.
11
What is the remainder when 544543 is divided by 53?
21
Calculate the remainder when 398927 is divided by 8672.
15
Calculate the remainder when 2179422 is divided by 5165.
4957
Calculate the remainder when 425547 is divided by 3832.
195
What is the remainder when 770213 is divided by 1234?
197
Calculate the remainder when 63692 is divided by 3447.
1646
Calculate the remainder when 10850 is divided by 2290.
1690
Calculate the remainder when 123809362 is divided by 15.
7
Calculate the remainder when 972150 is divided by 1377.
1365
Calculate the remainder when 43154 is divided by 42896.
258
Calculate the remainder when 13088983 is divided by 2899.
2897
What is the remainder when 241715 is divided by 2599?
8
Calculate the remainder when 154747 is divided by 1073.
235
Calculate the remainder when 56604 is divided by 18813.
165
What is the remainder when 23644946 is divided by 492603?
2
What is the remainder when 155556 is divided by 850?
6
Calculate the remainder when 2981618 is divided by 40292.
10
What is the remainder when 463342 is divided by 6347?
11
Calculate the remainder when 806411 is divided by 268803.
2
Calculate the remainder when 2150686418 is divided by 21.
20
Calculate the remainder when 2116831 is divided by 38.
3
Calculate the remainder when 994982 is divided by 2645.
462
What is the remainder when 33010916 is divided by 11003614?
74
What is the remainder when 2993488 is divided by 667?
659
Calculate the remainder when 834136 is divided by 83410.
36
Calculate the remainder when 25616 is divided by 532.
80
What is the remainder when 72865699 is divided by 161?
158
Calculate the remainder when 338045 is divided by 3489.
3101
What is the remainder when 5027406 is divided by 3231?
3201
What is the remainder when 136157 is divided by 27224?
37
What is the remainder when 13245523 is divided by 6204?
6187
What is the remainder when 46055137 is divided by 378?
373
Calculate the remainder when 14171468 is divided by 6758.
6700
Calculate the remainder when 10852428 is divided by 249.
12
What is the remainder when 2227217 is divided by 326?
311
Calculate the remainder when 1059229 is divided by 34.
27
What is the remainder when 5506553 is divided by 137?
112
What is the remainder when 31112714 is divided by 4444672?
10
Calculate the remainder when 1628227 is divided by 1867.
203
What is the remainder when 198337 is divided by 99087?
163
Calculate the remainder when 537926 is divided by 971.
963
What is the remainder when 2155973 is divided by 8556?
8417
Calculate the remainder when 216391 is divided by 52.
19
Calculate the remainder when 11114 is divided by 1386.
26
Calculate the remainder when 620764477 is divided by 257.
252
What is the remainder when 64672607 is divided by 168?
167
Calculate the remainder when 24695 is divided by 2627.
1052
Calculate the remainder when 305413 is divided by 15.
13
What is the remainder when 22672322 is divided by 18645?
2
Calculate the remainder when 28756550 is divided by 148.
2
What is the remainder when 26535 is divided by 8052?
2379
What is the remainder when 3574918 is divided by 60?
58
What is the remainder when 17942174 is divided by 224?
222
Calculate the remainder when 663347 is divided by 94520.
1707
What is the remainder when 43899 is divided by 4885?
4819
What is the remainder when 390996 is divided by 48870?
36
Calculate the remainder when 5829459 is divided by 715.
64
Calculate the remainder when 25446 is divided by 8190.
876
Calculate the remainder when 24347080 is divided by 3043381.
32
Calculate the remainder when 462552 is divided by 8895.
12
What is the remainder when 91364 is divided by 2964?
2444
Calculate the remainder when 1257638 is divided by 82.
4
Calculate the remainder when 7640439 is divided by 199.
33
Calculate the remainder when 28042759 is divided by 7794.
7741
Calculate the remainder when 7109 is divided by 3036.
1037
Calculate the remainder when 66865091 is divided by 1368.
1355
What is the remainder when 6544805 is divided by 505?
5
Calculate the remainder when 501045 is divided by 1149.
81
What is the remainder when 149635817 is divided by 37408954?
1
What is the remainder when 133449 is divided by 834?
9
What is the remainder when 275134287 is divided by 143?
142
Calculate the remainder when 454157 is divided by 5047.
4974
Calculate the remainder when 27578333 is divided by 1770.
1733
Calculate the remainder when 27617 is divided by 153.
77
Calculate the remainder when 6133940 is divided by 907.
806
What is the remainder when 606904 is divided by 33716?
16
What is the remainder when 3545545 is divided by 121?
3
What is the remainder when 6571452 is divided by 81?
3
Calculate the remainder when 250995 is divided by 953.
356
What is the remainder when 194245 is divided by 38843?
30
Calculate the remainder when 124672501 is divided by 5602.
5593
Calculate the remainder when 1988731 is divided by 662805.
316
Calculate the remainder when 359852 is divided by 786.
650
What is the remainder when 1491977 is divided by 186495?
17
What is the remainder when 177875 is divided by 2046?
1919
What is the remainder when 41599 is divided by 1242?
613
What is the remainder when 402633 is divided by 432?
9
What is the remainder when 222970202 is divided by 19?
15
Calculate the remainder when 5294447 is divided by 463.
42
Calculate the remainder when 3874076 is divided by 3487.
19
What is the remainder when 503555204 is divided by 2198?
2196
Calculate the remainder when 42329 is divided by 6035.
84
Calculate the remainder when 14371 is divided by 515.
466
What is the remainder when 494146 is divided by 164437?
835
What is the remainder when 3911336 is divided by 391133?
6
Calculate the remainder when 160930 is divided by 277.
270
What is the remainder when 3009575 is divided by 44919?
2
What is the remainder when 781015 is divided by 11833?
37
What is the remainder when 178096 is divided by 35559?
301
What is the remainder when 2150971 is divided by 676?
615
Calculate the remainder when 8973999 is divided by 8721.
90
What is the remainder when 946103 is divided by 5495?
963
What is the remainder when 1103349 is divided by 340?
49
What is the remainder when 180909 is divided by 180576?
333
What is the remainder when 27681461 is divided by 59275?
36
Calculate the remainder when 628514329 is divided by 157.
154
Calculate the remainder when 11654432 is divided by 199.
196
Calculate the remainder when 770034509 is divided by 63.
62
What is the remainder when 460315 is divided by 1149?
715
Calculate the remainder when 67341 is divided by 22415.
96
What is the remainder when 162635 is divided by 56?
11
Calculate the remainder when 996833 is divided by 996743.
90
Calculate the remainder when 255722